 5. Let u be -2*(-1 - -3 - f). List the prime factors of 56/6 - u/6.
2, 5
Let b(k) = 8*k + 20 + k**3 - 22 - 2 - 3*k**2. List the prime factors of b(7).
2, 31
Let j = -313 + 956. List the prime factors of j.
643
Suppose -2*o = -3*v, 0 = v - 0*o + o - 5. Suppose -v*s - 177 = -3*i - 5*s, 4*i - 232 = -3*s. List the prime factors of i.
5, 11
Let w = -1 + -65. Let p = w + 93. List the prime factors of p.
3
Let k be 3/(111/36 - 3). Let x = -52 + k. Let c = x - -50. What are the prime factors of c?
2, 17
Let l be (-6)/(-9) + 276/(-9). Let t = 30 - l. List the prime factors of t.
2, 3, 5
Suppose 0 = 2*i - 4*b + 124, 4*b = 4*i - b + 236. Let n = 171 + i. List the prime factors of n.
3, 13
Let o(h) = 131*h**2 + 18*h - 20. What are the prime factors of o(3)?
1213
Let i be (-6)/(-24)*(1 - -15). Suppose -i*d - 11 = -4*j - 47, -2*j - 20 = -3*d. List the prime factors of (2 + 5)*j*-1.
7
Let a = 54 + -48. What are the prime factors of a*(17/2 - 1)?
3, 5
Let r(t) = t**3 - 9*t**2 + t - 7. Let w be r(9). Suppose -w*j - 126 = 4*j. List the prime factors of (7/j)/(1/(-138)).
2, 23
Let p = -13 - -10. What are the prime factors of (-4 + -2)*7*1/p?
2, 7
Let j(t) = t - 7. Let n be j(5). Let x be 21*(-1 - n) + -3. Let a = 35 - x. What are the prime factors of a?
17
List the prime factors of (-9)/(-27) - 1400/(-12).
3, 13
Suppose 16*m - 4327 = -423. What are the prime factors of m?
2, 61
Let c = 45 - 23. Suppose -n + 40 + c = 0. List the prime factors of n.
2, 31
Suppose -7*b + 3466 = -748. List the prime factors of b.
2, 7, 43
Let t = 116 + -255. Let s = t - -196. Let f = s - 36. What are the prime factors of f?
3, 7
Suppose -4*k + 4*d + 24 = 0, 3*k - 8 = 2*k + 3*d. Let l(h) = -6 - 4 - 2*h - k + 1. List the prime factors of l(-16).
2, 3
Suppose 3*l - 8*l = 15. Let x = 2 - l. Suppose g + x*g = 294. What are the prime factors of g?
7
Suppose -43*r = -21923 + 1240. List the prime factors of r.
13, 37
Suppose 9*l - 42 = 4*l + 3*n, 6 = -l - 3*n. Suppose -m + l - 4 = 5*b, 2*m = b + 26. List the prime factors of m.
2, 3
Suppose -2*q + 15 = -q. Let k = -12 + q. Suppose k*h = 5*j + 2 + 16, 4*h - 38 = 2*j. List the prime factors of h.
11
Let q = 541 + -322. What are the prime factors of q?
3, 73
Suppose 6*y - 1508 = -224. What are the prime factors of y?
2, 107
Let j(n) = 111*n - 343. List the prime factors of j(26).
2543
Suppose 0 = -3*g - c + 1241, 3*g - 3*c = 865 + 356. What are the prime factors of g?
2, 103
Let v be ((-27)/(-4) - 6)*16/6. Suppose 6*q + 3*f - 171 = 3*q, -3*q - v*f = -170. What are the prime factors of q?
2, 7
Let g = 233 + -201. List the prime factors of g.
2
Let a be 123/(-9) - (-8)/12. Let f = -10 - a. Suppose 2*z + z = -3*b + 132, -b = -f. What are the prime factors of z?
41
Suppose -3*n = -6, -5*i - 2*n - 1369 = -6*i. What are the prime factors of i?
1373
Let m(d) be the first derivative of -5*d**4/2 - 2*d**2 + 15. List the prime factors of m(-2).
2, 11
Let v = 54 - 23. Let l = v + -20. List the prime factors of l.
11
Suppose 3*c - 14 = 2*c. Suppose -3*a = 4*w - 79, 4*a + 4*w - c = 86. List the prime factors of a.
3, 7
Let g(f) = -4*f + 5*f**2 - 2 + 8*f - f. Let r be g(3). Let a = r - 28. What are the prime factors of a?
2, 3
Let p = -1 + 17. Let q be (51 + -1)*p/20. Let y = q - 23. What are the prime factors of y?
17
Suppose -4*r + 200 = 3*q, 4*r - 245 = -5*q + 91. Let o = -39 + q. List the prime factors of o.
29
Suppose 3*h = -4*v + 301 - 26, 335 = 5*v + 2*h. Suppose -2*y - 45 = 21. Let j = v + y. What are the prime factors of j?
2
Suppose o + 4 - 6 = 0. Suppose -20 = -3*f + 5*i, -4*f - o*i + 50 = -4*i. List the prime factors of ((-54)/f)/(3/(-20)).
2, 3
Suppose 6 = 3*j - 0. Let t(b) = -11*b + 2. Let c(o) = -10*o + 2. Let d(n) = -4*c(n) + 3*t(n). What are the prime factors of d(j)?
2, 3
Suppose 11248 = -51*n + 75814. What are the prime factors of n?
2, 3, 211
Let s = 35 + 4. Suppose 33 = 4*c + 5*k, 5*k - 6 - 23 = -2*c. Suppose 3*d - c*d = s. What are the prime factors of d?
3, 13
Let v(i) = -i**3 - i**2 - i. Let n(m) = -46*m**3 - 7*m**2 - 5*m. Let w(z) = -n(z) + 6*v(z). What are the prime factors of w(1)?
2, 5
Suppose 0 = 5*f - 5*o + o - 201, -84 = -2*f - 2*o. Suppose -7 = -4*m + f. List the prime factors of m.
2, 3
Let t = -114 - -121. What are the prime factors of t/((-14)/508)*-1?
2, 127
Let z(p) = -p. Let k be z(1). Let f be 5*k*(-12 + -2). Suppose -10*x + f = -5*x. What are the prime factors of x?
2, 7
Let g(u) = u**2 + 7*u - 12. Let n(x) = x**2 + 6*x - 13. Let l(h) = -6*g(h) + 5*n(h). Let p be l(-13). List the prime factors of 1*(1 - p/3).
3
Suppose 0*o = -3*o - 3. What are the prime factors of o/(1 - (-28)/(-26))?
13
Suppose -304 - 670 = -2*q - 2*j, 0 = 2*q - 2*j - 994. List the prime factors of q.
2, 3, 41
List the prime factors of (-20)/(-8)*(0 - 7464/(-30)).
2, 311
List the prime factors of (93/(-12) + -2)/((-30)/2120).
13, 53
Let h(q) = -6*q**3 - 3*q**2 + 5*q - 4. Let c be h(2). Let p be (-6)/27 - 336/c. List the prime factors of 446/p - 64/48.
73
Let w(z) = 202*z**2 - 2*z - 2. What are the prime factors of w(-1)?
2, 101
Suppose 4*p + 1636 = 2*n, 1011 - 3454 = -3*n - 5*p. What are the prime factors of n?
2, 3, 17
Suppose 487 = -2*f + 2127. What are the prime factors of f?
2, 5, 41
What are the prime factors of (-18)/180 + (-24782)/(-20)?
3, 7, 59
Suppose 5*a - 1144 = -8*a. Let n = 175 - a. What are the prime factors of n?
3, 29
Let k be 1 - (-9 - 3 - -1). Let d(b) = 6*b - 16. What are the prime factors of d(k)?
2, 7
Let x(w) = -w**2 + 22*w - 23. Let p = 30 - 12. What are the prime factors of x(p)?
7
Let o(n) = -n**2 - 47*n + 140. What are the prime factors of o(-47)?
2, 5, 7
Suppose -3*i + 71 = 11. Suppose -64 = -3*x + 5*b, 10*b - 4 = 6*b. Let z = x - i. What are the prime factors of z?
3
Suppose i - 3*p = -0*i + 9, -3*i + 6 = -2*p. Suppose i = -2*w + 294 + 8. List the prime factors of w.
151
Let t(k) = -k**2 + 4. Let g(v) = 5*v**2 - 15. Let m(o) = 4*g(o) + 15*t(o). Let y be m(-3). List the prime factors of 10/y + (-140)/(-18).
2
Suppose 0 = 3*q - 27. Let x be (-360)/q + 3/(-1). Let c = -7 - x. What are the prime factors of c?
2, 3
Let f be 1/((-1 + -1)/(-16)). What are the prime factors of ((-3)/2)/((-6)/f)?
2
Let w(o) = 22*o**2 + 3*o - 2. Let a(v) = -43*v**2 - 6*v + 4. Let h(i) = -3*a(i) - 5*w(i). List the prime factors of h(2).
2, 5
Let x(w) = -9*w**2 - 8*w - 3*w - 11 + 8*w**2. Let n be x(-9). List the prime factors of n - (0 + -1 + 3).
5
Suppose 16*p - 5*q + 1213 = 19*p, -5*p = 5*q - 2025. List the prime factors of p.
2, 7, 29
Suppose o = -3*o - 80. Let t = o + 28. What are the prime factors of t?
2
Suppose y + 147 = -4*j, 4*j - 5*y + 101 = 2*j. Let p = 19 + j. Let u = -5 - p. List the prime factors of u.
2, 7
Let i(h) = h + 2. Let j be i(3). Suppose 0 = z - 4*k - 2, -j*z + k + 3*k = -42. What are the prime factors of z?
2, 5
List the prime factors of (16/44)/((-12)/(-3498)).
2, 53
Let a = 43 - 4. Suppose n - 5*q + 35 = 0, 4*q = 2*n + a + 37. Let f = -17 - n. What are the prime factors of f?
23
Let q(z) = -2*z**2 - 14 + z**2 - 9*z + 17. Let w be q(-9). Suppose f - i - 52 = -2*f, 2*i = w*f - 53. List the prime factors of f.
17
Let a = 1159 - -1162. List the prime factors of a.
11, 211
Let g be (2 + 1)/(-1) + 18. List the prime factors of (70/g)/(1/6).
2, 7
Let z(l) = 2*l + 28. Let v be z(-13). Suppose -344 = -4*r - v*p, 4*r + 5*p - 265 = r. Suppose w - r = -13. List the prime factors of w.
2, 3
Suppose -3*a = 5*v - 4*a - 1825, 1825 = 5*v + 4*a. List the prime factors of v.
5, 73
Let z(s) = -s + 32. Suppose 2*v - 10 = -2*q - 3*q, 3*q + 3*v - 15 = 0. What are the prime factors of z(q)?
2
Let l(o) = o**2 + 17*o. Let v be 1/(-2) + 50/20. Suppose v*t - 90 = 7*t. What are the prime factors of l(t)?
2, 3
Suppose 8*z + 5*r = 14877 - 1686, 4*z - 6593 = -3*r. What are the prime factors of z?
2, 7, 59
Let g be ((-3)/6)/((-1)/(-2)). List the prime factors of ((-4)/g)/(8/28).
2, 7
Suppose -5240 = 101*o - 106*o. What are the prime factors of o?
2, 131
Suppose z - 20 = -3*z. Let r be (117 - 0) + z/5. Let w = r - 80. List the prime factors of w.
2, 19
Let g = 720 - 451. List the prime factors of g.
269
Let t = 363 + -172. List the prime factors of t.
191
List the prime factors of 2865/764*16/(-6)*-185.
2, 5, 37
Let w(g) = -7*g - 6. Let n be w(-8). Su